mposite number?
True
Is 4230800219 a composite number?
True
Is 4726102139 prime?
False
Is 15701317739 prime?
True
Is 19421711 prime?
True
Is 34705846181 a prime number?
False
Is 3727175029 a composite number?
False
Is 7615258517 composite?
False
Is 18258198727 prime?
False
Is 17188472283 prime?
False
Is 590945843 a composite number?
True
Is 380560919 prime?
False
Is 5031049699 prime?
False
Is 74831920447 a composite number?
False
Is 16723982549 prime?
True
Is 625709093 prime?
True
Is 2187733139 a prime number?
True
Is 360591691 a prime number?
True
Is 2259436421 a prime number?
False
Is 189890694205 composite?
True
Is 6172707917 composite?
True
Is 263318120242 a composite number?
True
Is 1884587393 composite?
True
Is 30239917 composite?
True
Is 143022684529 composite?
False
Is 1639464323 prime?
False
Is 2070924731 composite?
False
Is 139390389811 a prime number?
True
Is 100264231 prime?
True
Is 657652117 prime?
True
Is 702746767 a composite number?
False
Is 813870371 a prime number?
False
Is 3570548209 composite?
True
Is 1838034577 prime?
False
Is 109583833 prime?
True
Is 76760964685 composite?
True
Is 1753258831 prime?
False
Is 23325281251 prime?
False
Is 32011220897 composite?
False
Is 164100563707 prime?
True
Is 42578227759 prime?
True
Is 1891085377 prime?
True
Is 2101573477 prime?
True
Is 256484099 prime?
False
Is 2848020193 prime?
False
Is 32173311221 composite?
False
Is 3843040283 a composite number?
False
Is 909173127 composite?
True
Is 661118384713 a prime number?
True
Is 3470876159 a composite number?
True
Is 2815437533 composite?
False
Is 15252602777 composite?
False
Is 4321273049 composite?
True
Is 8252156863 composite?
False
Is 4499625947 composite?
False
Is 2884292681 composite?
True
Is 611453519 prime?
True
Is 17080628793 prime?
False
Is 8126937491 a prime number?
False
Is 904167527 a prime number?
False
Is 5680311971 composite?
True
Is 16032176579 prime?
False
Is 5531071267 prime?
True
Is 680590181 a prime number?
False
Is 1076555887 composite?
True
Is 8371266349 prime?
False
Is 458143167 prime?
False
Is 8479887341 prime?
True
Is 1487085637 a composite number?
True
Is 1868085917 prime?
True
Is 457065559 composite?
False
Is 454812949607 a composite number?
False
Is 15571093 prime?
False
Is 2703840689 prime?
False
Is 398346881241 composite?
True
Is 104512211 prime?
True
Is 3087929621 composite?
True
Is 258051930107 prime?
True
Is 53238538162 composite?
True
Is 1601047561 prime?
True
Is 487567673 a prime number?
False
Is 1667654999 a prime number?
False
Is 16462340593 prime?
False
Is 111213935263 composite?
True
Is 22742917079 a composite number?
True
Is 717253267 composite?
True
Is 445005427 composite?
False
Is 731658437 a composite number?
False
Is 8489517727 composite?
False
Is 17620948861 prime?
False
Is 878100383 a composite number?
False
Is 5030840809 a prime number?
True
Is 5880346859 prime?
True
Is 4197885571 prime?
False
Is 5800019653 a composite number?
False
Is 125392237 a composite number?
True
Is 22347248087 a prime number?
False
Is 45493577179 a prime number?
True
Is 7567045201 a composite number?
False
Is 6376738973 composite?
True
Is 28200239359 prime?
True
Is 263213323 prime?
False
Is 10899867439 a prime number?
True
Is 167292292837 a composite number?
True
Is 231418981 a composite number?
True
Is 4296933887 a prime number?
False
Is 430682783 a prime number?
False
Is 22997234873 a prime number?
True
Is 1308594269 a prime number?
False
Is 3910012681 composite?
False
Is 1075005607 a composite number?
True
Is 839922059 prime?
True
Is 186005881 composite?
True
Is 23598211799 composite?
True
Is 2037893639 prime?
True
Is 35434879799 a prime number?
False
Is 6686445137 prime?
False
Is 6968888207 a prime number?
True
Is 7229074273 a prime number?
False
Is 20290037947 composite?
True
Is 8287243639 a prime number?
True
Is 808798891 prime?
True
Is 41978316739 a prime number?
True
Is 378381229 composite?
True
Is 1860512987 a prime number?
False
Is 90869179 composite?
False
Is 33794890222 a composite number?
True
Is 4401391985 prime?
False
Is 57654446699 prime?
False
Is 325467013 a composite number?
True
Is 55697671 prime?
False
Is 72686581829 a prime number?
False
Is 55818972071 a prime number?
True
Is 1888992979 composite?
True
Is 11230061879 a composite number?
False
Is 99047652911 a prime number?
True
Is 1974176521 prime?
False
Is 1731336629 composite?
True
Is 40264741453 a composite number?
False
Is 2853162497 a composite number?
False
Is 296789731079 a prime number?
True
Is 831409594 prime?
False
Is 205967497 a prime number?
True
Is 529008461 composite?
False
Is 1100343347 prime?
True
Is 27409831573 a composite number?
True
Is 6854110169 a composite number?
False
Is 48099894991 prime?
True
Is 28703594791 prime?
False
Is 662757211 prime?
True
Is 362785303 composite?
False
Is 946035817 a composite number?
True
Is 29887977659 a composite number?
False
Is 5840279143 a composite number?
False
Is 16066108313 prime?
True
Is 12087632821 a composite number?
True
Is 46335876322 a composite number?
True
Is 7619974897 prime?
False
Is 5623324961 a composite number?
True
Is 3017224933 a prime number?
True
Is 11176761691 a composite number?
False
Is 6914216329 prime?
False
Is 33647808329 composite?
True
Is 63295721807 a prime number?
True
Is 2588429047 a composite number?
False
Is 95014061 prime?
True
Is 44140930409 a composite number?
True
Is 2757837133 a composite number?
False
Is 1762581883 composite?
False
Is 8853667211 a composite number?
True
Is 37839608837 a composite number?
False
Is 298692509 a composite number?
False
Is 19188113411 a prime number?
True
Is 1006141393 prime?
False
Is 898390523 prime?
False
Is 324929873623 composite?
False
Is 1738491883 prime?
False
Is 8059756903 composite?
True
Is 3754330747 a composite number?
False
Is 1120050487 a prime number?
False
Is 2171958807 prime?
False
Is 622614437 composite?
False
Is 3748851131 composite?
False
Is 1629508781 prime?
True
Is 10236377 prime?
False
Is 77575754317 composite?
False
Is 4882173763 prime?
True
Is 116518481021 prime?
True
Is 949586393 composite?
True
Is 267456707 a prime number?
False
Is 1130111933 prime?
False
Is 2221108081 a composite number?
False
Is 4156543429 composite?
True
Is 47203253147 a prime number?
False
Is 72229533487 prime?
True
Is 7554037493 prime?
False
Is 12996982441 composite?
False
Is 6156041159 a composite number?
True
Is 19681089373 a composite number?
True
Is 10795389263 a composite number?
True
Is 176132329 a composite number?
True
Is 73506461 composite?
True
Is 1459114511 a composite number?
True
Is 211750226 a prime number?
False
Is 38022824627 prime?
False
Is 38948860037 prime?
True
Is 1445374267 composite?
True
Is 51887783833 a prime number?
False
Is 169776187 a composite number?
True
Is 416633929 prime?
False
Is 3521691071 a prime number?
True
Is 30256021505 prime?
False
Is 13301592881 composite?
True
Is 1497059335 a prime number?
False
Is 17992501147 composite?
True
Is 3009868262 a prime number?
False
Is 28178581303 composite?
False
Is 1660184419 a prime number?
False
Is 2469810251 prime?
True
Is 4079089051 composite?
True
Is 1160857637 a prime number?
True
Is 55655898843 composite?
True
Is 632055301 prime?
True
Is 7257993089 prime?
True
Is 191024663 a composite number?
True
Is 6763879037 composite?
False
Is 4764761 prime?
False
Is 788877599 a composite number?
True
Is 8533836071 composite?
True
Is 927291943 composite?
True
Is 20864540966 a composite number?
True
Is 1376496497 a prime number?
True
Is 30068147 a prime number?
True
Is 11373940927 composite?
True
Is 12425155861 a composite number?
False
Is 2520666563 a composite number?
True
Is 6981195743 a prime number?
True
Is 6333495451 prime?
True
Is 31542074027 prime?
True
Is 2067767509 prime?
False
Is 14481663913 composite?
False
Is 981544729 prime?
False
Is 88458646789 a prime number?
True
Is 4324597469 prime?
False
Is 821216089 a prime number?
True
Is 1326975007 prime?
True
Is 568416911 a composite number?
False
Is 8468689979 composite?
False
Is 562037459 a composite number?
True
Is 132859847551 composite?
True
Is 1996025231 prime?
True
Is 3669366197 composite?
True
Is 10962813109 a composite number?
True
Is 17909736427 a prime number?
False
Is 181157611 composite?
False
I